
107
Suppose 2*d = 5*h + 1397, -25*h = -24*h - 4*d + 265. Let y = h + 1107. List the prime factors of y.
2, 7, 59
Let h = -70 - -72. Suppose 0 = 2*g, 2*g - 411 = -h*q - 139. List the prime factors of q.
2, 17
Suppose -150*g - 78*g = 65*g - 9984268. List the prime factors of g.
2, 7, 1217
Let h = -16394 - -24575. List the prime factors of h.
3, 101
Let h(t) = 32*t + 156. Let i be h(-5). What are the prime factors of i/(-26) - (237600/104)/(-9)?
2, 127
Suppose -6*k - 30 + 48 = 0. Suppose 9*f - 5*f + 4533 = 5*s, -k*f + 9 = 0. List the prime factors of s.
3, 101
Let i be 9/(-6)*-3*16/6. Let n(t) = -t**3 + 15*t**2 - 16*t - 16. What are the prime factors of n(i)?
2, 7
Let g(j) = 8*j**3 - 2*j**2 + 13*j - 28. Suppose -3*u = -6 - 3. What are the prime factors of g(u)?
11, 19
Suppose -233172 = -42*u + 1763172. List the prime factors of u.
2, 3, 17, 233
List the prime factors of 2*(-25021)/(-16) + 6/16.
2, 17, 23
Let q be ((-9)/27)/((-2)/72). Suppose 0 = 39*n - 35*n - q. Let w(p) = -p**3 + 4*p**2 - 1. What are the prime factors of w(n)?
2
Let z(j) be the third derivative of 5*j**4/24 - 8*j**3/3 + 2*j**2. What are the prime factors of z(5)?
3
Let f = 58 + -54. Suppose 0 = -w + f*l + 149 - 29, -205 = -2*w + l. Let y = w - 62. List the prime factors of y.
2, 19
What are the prime factors of (7 - 242/34) + 612018/153?
2, 5
Suppose -116*u + 5*w = -119*u + 9996, 0 = 5*u + 2*w - 16641. What are the prime factors of u?
3, 1109
List the prime factors of (11 + 2466)/(6*3/18).
2477
Suppose -61*z + 43*z = -28*z + 67580. What are the prime factors of z?
2, 31, 109
Suppose -1392 = -3*j - 3*t, -184 = -2*j + 4*t + 768. Suppose -33*x - 10288 = -32332. Let y = x - j. List the prime factors of y.
2, 5
Let i = 55 - 54. Let g be (-2)/8 - i*21/(-4). Suppose -5*f + 397 = 4*k, f - 3*k - 83 = -g*k. List the prime factors of f.
7, 11
Suppose -48*i + 344742 = 61830. List the prime factors of i.
2, 7, 421
Suppose -y + 118 = -53. Let z(h) = -h**3 + 7*h**2 + 6*h. Let c be z(6). Let q = y - c. List the prime factors of q.
3, 11
Suppose -2*z + 196 - 54 = 0. Let o = z + -69. Suppose 5*h = o*h - 2*a + 401, 3*a = -h + 129. List the prime factors of h.
3, 5
Let r(y) = -5*y - 8. Let f be r(-15). Let v = -128 + f. Let j = 106 + v. List the prime factors of j.
3, 5
Let m(t) = 3*t - 13. Let i be m(13). List the prime factors of i + -31 - -6*107.
7, 13
Suppose -4*g + 3 + 10 = -3*h, -h + 1 = 0. Suppose 4*v = 3*t + 2811, 0 = -v + 5*v - g*t - 2816. List the prime factors of v.
3, 233
Let l be (-2*425 - -2) + -3. Let a = 1212 + l. List the prime factors of a.
19
Let p be (-3 - -3)/(-5 + 7) + 4. Suppose -a + 24 = p*k + 4, -k - 8 = -3*a. What are the prime factors of ((-68)/(-5) - (k + -3))*15?
3, 7
Let p = 1881 + 13532. What are the prime factors of p?
15413
Let z = -869 + 869. Suppose 3*w - 2*v - 1144 = z, 2*w = -2*v + 289 + 477. What are the prime factors of w?
2, 191
Let l(p) = -168*p - 63. Let w be l(-6). Let u = -451 + w. List the prime factors of u.
2, 13, 19
Suppose 2*i + 16 = 4*q, -i - 2*i + 16 = 4*q. Let s(k) = -72*k - 1296. Let o be s(-18). Suppose o*y + 556 = q*y. List the prime factors of y.
139
Let c(y) = y**3 - 2*y**2 + 4*y + 2. Let q be c(2). Suppose 152 = 2*m + q. What are the prime factors of m?
71
Suppose -4*t = -2*d - 10, 0 = -2*t + 3*d + 3 + 4. Suppose -t*g + 3372 = -548. List the prime factors of g.
2, 5, 7
Let t = 14 - 21. Let o(p) = p**3 + 7*p**2 - 2*p - 16. Let v be o(t). Let l(m) = -14*m**3 + 2*m**2 + 6*m + 2. List the prime factors of l(v).
2, 5, 11
Suppose 4*x - 8 = -0. Suppose j + 0 = -x*w + 4, w = -j. What are the prime factors of (90/7)/((-1 + w)/21)?
2, 3, 5
Let a(z) = 5*z**2 - 20*z - 20. Let c be a(-1). List the prime factors of 10156/36 - ((-264)/54 + c).
2, 3, 47
Let k(j) = 3*j**2 - 26 + 8 + 6*j**2 + j**3 + 14 - j. Let t be k(-9). Suppose 4*w - t*h = 443, 0*w = -4*w + 4*h + 440. List the prime factors of w.
107
Let y be -1 - ((-3)/(-2) - 2/(-4)). Let v be 49 + (2 + -9 - y)*1. List the prime factors of ((-2)/(-4))/(v/234)*5.
13
Let s = -1117 + 3642. What are the prime factors of s?
5, 101
List the prime factors of 964260/240 - ((-2)/(5 + 3) + 0).
2, 7, 41
Let p(j) = 4*j - 20. Let i be p(6). Suppose 432 = 6*w - i*w. List the prime factors of w.
2, 3
Let s(k) = -6*k**3 + 2*k**2 - 15*k + 104. List the prime factors of s(-7).
5, 11, 43
What are the prime factors of 5 + -1 + -2 + -14 + 5760?
2, 3, 479
Suppose -2*u + 3929 = 5*l, 0 = -0*l - l - 2*u + 789. Suppose -4*s = 4*g - 656, 7*g - 2*g - l = 2*s. What are the prime factors of g?
3, 53
Suppose -15*b + 386 + 34 = 0. Suppose b*r - 26*r = 574. What are the prime factors of r?
7, 41
List the prime factors of (11790/(-1048))/((-2569)/(-2572) - 1).
3, 5, 643
Let z = 123 + -69. Suppose -z*u + 12762 = -10998. List the prime factors of u.
2, 5, 11
Suppose 5*u - 754 - 586 = 0. Let f be 8/(-52) + u/52. Suppose b + f*a = 89, 0*b + 5*b = -5*a + 505. What are the prime factors of b?
2, 13
Let v(r) = -730*r + 261. Let m be v(-14). Suppose m = 5*i + 2221. List the prime factors of i.
2, 7, 59
Suppose 0 = -9*a + 4023 + 70 + 164. List the prime factors of a.
11, 43
Let k = -3055 + 4477. What are the prime factors of k?
2, 3, 79
Let x(m) = 5*m**2 - m. Let j be x(-1). Suppose -248 - 436 = -j*s. Let g = -27 + s. List the prime factors of g.
3, 29
Let f be 5/((2/4)/((-24209)/(-86))). Suppose 3*y + 2*h = 3998, f - 155 = 2*y + 4*h. List the prime factors of y.
2, 23, 29
Let m(w) = 1129*w**2 - 33*w + 21. What are the prime factors of m(4)?
13, 1381
Let a be ((-26)/(-6))/((-7)/63) + -3. Let j = a - 98. Let v = j - -218. List the prime factors of v.
2, 3, 13
Suppose -236*q = -229*q + 4*y - 423614, 0 = 3*q + 5*y - 181539. List the prime factors of q.
2, 30259
Let z(j) = -3*j - 33. Let s be z(-7). Let m be (-8)/s + 2875/3. Suppose 205 + m = 12*p. List the prime factors of p.
97
List the prime factors of 678*(0 - -38 - 3/((-21)/(-35))).
2, 3, 11, 113
Let f = -1405 + 2123. Let l = -426 + f. What are the prime factors of l?
2, 73
Let w(f) = f**2 - 11*f - 39. Let r be w(-4). Suppose 0 = -0*l + 4*l + t + 8, 0 = 3*l - 3*t + r. What are the prime factors of l + 3 - 3*-3?
3
What are the prime factors of 1/(-2)*(-69521 - (1 + -10) - 14)?
34763
Let c be -24*((-6)/(-16))/((-3)/(-4)). Let n = -10 - c. List the prime factors of (12 + n + -3)/((-1)/(-5)).
5, 11
Let f(d) = -24*d + 20. Let q be f(1). List the prime factors of (q/20 - 7941/(-30))*2.
23
Suppose 0 = -3*k + 3*c + 99, -5*c + 177 = k + 3*k. Let x = 42 - k. Suppose -x*g + 146 + 78 = 0. List the prime factors of g.
2, 7
Suppose -7*a + 119 = 35. What are the prime factors of 181*4*6/a?
2, 181
Let m(y) = -61*y + 63. Suppose 5*i = -3*z - 6 - 21, -2*z = -2*i - 14. List the prime factors of m(i).
3, 11, 13
Let o be 39/(-52) + (-8582)/(-8) + 3. Let m = 2280 - o. What are the prime factors of m?
5, 241
Let x(n) = -7640*n - 969. List the prime factors of x(-3).
3, 271
Let s = -45 + 133. Let k = 778 - s. Suppose 3*j - 65 = h + 363, 5*j + 3*h = k. What are the prime factors of j?
3, 47
Let k = 572 - 568. Suppose -5*v = -g - 802, 0 = k*g + 13 - 5. List the prime factors of v.
2, 5
Suppose 456*l + 148320 = 496*l. List the prime factors of l.
2, 3, 103
Suppose -4906 - 21406 = -8*r. What are the prime factors of r?
11, 13, 23
Suppose 5*k = -d - 11150, -2*k + 2 = -0. What are the prime factors of 3*d/(-75) - 3/15?
2, 223
Let o = 2162 - 1133. What are the prime factors of o - ((-6)/1 + 0)?
3, 5, 23
Suppose 15*j - 129 = 12*j. Let u(p) = 2*p + 68 - 23 + j + 42. List the prime factors of u(0).
2, 5, 13
Suppose 10680 = 4*o + 9*o + 11*o. What are the prime factors of o?
5, 89
Let m = 151 + -147. Suppose -2*d = -m*u - d + 2175, -2*u + 2*d + 1080 = 0. What are the prime factors of u?
5, 109
Let f(p) = -20*p**2 - 13*p + 10. Let o be f(-5). Let n = 1167 + o. List the prime factors of n.
2, 7, 53
Let v(i) = 29*i**3 + 6*i**2 - 5. Let f be v(-5). Let d be ((-6)/10)/(8/f). What are the prime factors of d/(-12)*32/(-24)?
29
Suppose 5*p - 5*w - 50 = 0, -13*p - 2*w - 26 = -16*p. What are the prime factors of 17/(306/2328) - 2/p?
3, 43
Suppose 0 = -z - 3*z + 116. Suppose 3*q - q - d - 14 = 0, 0 = 5*q - d - z. Suppose l = -t + 16, 3*t = q*l + 121 - 41. List the prime factors of t.
2, 5
Suppose 0 = 5*q - 378 + 28. Let l = 62 - q. List